z(t) = 39*t**2 + 173*t - 4346. What is z(-13)?
-4
Let j(b) = -12605*b - 62995. Determine j(-5).
30
Let x(n) = n**3 + 108*n**2 + 1073*n + 36. Give x(-11).
-30
Let n(p) = -2*p**3 - 24*p**2 + 325*p + 3423. Give n(-9).
12
Let l(p) = -728*p**2 + 7239*p + 413. Calculate l(10).
3
Let c(y) = -52341*y + 418750. Give c(8).
22
Let d(p) = -8*p**2 + 382*p - 141. Give d(51).
-1467
Let b(g) = -g**2 - 59*g + 133. Give b(-53).
451
Let x(r) = 2*r**2 - 13058*r - 3473972. Give x(-256).
-52
Let w(y) = -50*y**2 + 6928*y + 3066. Give w(139).
8
Let m(g) = 2417*g + 23831. Determine m(-10).
-339
Let d(t) = -6699*t + 790484. Give d(118).
2
Let z(w) = -w**2 - 222*w - 7532. Give z(-180).
28
Let q(v) = 4*v**2 - 47162*v - 424712. Calculate q(-9).
70
Let p(t) = 3928*t + 15642. Give p(-4).
-70
Let u(j) = 33*j**2 - 298*j + 685. Determine u(3).
88
Let a(k) = 2*k**3 + 447*k**2 - 1119*k + 2504. Determine a(-226).
18
Let r(s) = 37*s**3 - 4554*s**2 + 4550*s + 3. Calculate r(1).
36
Let h(m) = 1523*m - 54929. What is h(36)?
-101
Let p(o) = -2*o**2 - 328*o + 4155. What is p(-187)?
-4447
Let a(z) = -1003*z + 19427. Determine a(21).
-1636
Let b(v) = -447*v + 12591. What is b(30)?
-819
Let n(p) = p**2 - 57*p + 200. Give n(3).
38
Let g(z) = -2*z**3 + 6*z**2 - 815*z + 4080. What is g(5)?
-95
Let s(v) = 32482*v + 34227. Determine s(-1).
1745
Let f(o) = -2238*o + 23407. Determine f(10).
1027
Let b(c) = 2*c**3 - 25*c**2 - 95*c - 319. Calculate b(16).
-47
Let l(f) = 173702*f + 521118. Determine l(-3).
12
Let u(a) = 103670*a - 829356. What is u(8)?
4
Let f(h) = 237964*h + 9280603. Calculate f(-39).
7
Let f(z) = -2*z**2 + 14833*z - 44490. What is f(3)?
-9
Let i(j) = -j**2 + 214*j + 10972. What is i(-37)?
1685
Let w(m) = m**2 + 85*m - 887. Give w(-97).
277
Let c(j) = 8*j**2 + 38433*j + 76862. Calculate c(-2).
28
Let c(n) = -3*n**3 - 142*n**2 - 174*n + 286. Give c(-46).
-174
Let l(v) = -2*v**3 - 22*v**2 - 2*v - 12. Calculate l(0).
-12
Let w(j) = -22*j**2 - 3481*j - 1134. Determine w(-158).
-344
Let l(y) = 19*y**2 + 2001*y + 51029. Calculate l(-62).
3
Let x(c) = 1525*c - 65724. Determine x(43).
-149
Let j(b) = 142792*b - 4569350. Give j(32).
-6
Let k(l) = -3*l**3 - 111*l**2 - 25*l - 53. What is k(-37)?
872
Let c(g) = -65532*g - 1113907. Determine c(-17).
137
Let t(g) = -2584*g**3 - 3*g**2 - 73*g + 76. What is t(1)?
-2584
Let u(m) = -m**3 - 30*m**2 + 53*m + 298. Determine u(-31).
-384
Let k(s) = -2600*s - 12590. Calculate k(-5).
410
Let f(r) = 5*r**2 + 281*r - 2291. What is f(8)?
277
Let v(r) = r**3 - 24*r**2 - 108*r + 2498. Calculate v(24).
-94
Let v(t) = -19122*t - 210316. Calculate v(-11).
26
Let y(r) = 20*r**3 + r**2 - 754*r + 2273. What is y(3)?
560
Let h(q) = -217*q**3 - 31*q + 2275. Give h(0).
2275
Let y(g) = -810*g**3 + g**2 - 92*g - 197. Calculate y(-2).
6471
Let v(r) = -11*r**2 + 3550*r + 11728. Calculate v(326).
-8
Let m(a) = -3506*a - 1044818. What is m(-298)?
-30
Let y(x) = -1569*x - 558433. Determine y(-356).
131
Let y(s) = 2550333*s - 20402670. Give y(8).
-6
Let p(g) = -17468*g - 314515. Calculate p(-18).
-91
Let c(g) = -18*g**3 + 5503*g**2 + 1526*g + 1204. Determine c(306).
-20
Let b(w) = w**3 + 499*w**2 + 2467*w - 9. Determine b(-5).
6
Let d(q) = -7*q**2 - 117484*q - 1056775. What is d(-9)?
14
Let p(x) = 24*x**2 - 307*x + 7. What is p(12)?
-221
Let o(j) = 11*j**3 - 82*j**2 + 16*j + 28. Give o(7).
-105
Let l(u) = -u**2 - 358*u - 2842. What is l(-8)?
-42
Let y(f) = -f**2 - 37690*f - 9397187. What is y(-251)?
2
Let x(w) = 71*w**2 - 2219*w - 36852. Calculate x(-12).
0
Let x(c) = -c**2 + 418*c - 20456. What is x(361)?
121
Let t(k) = -k**2 - 8825*k + 568879. Give t(64).
-17
Let v(c) = c**3 - 91*c**2 + 391*c - 3476. Calculate v(87).
265
Let t(s) = -s**3 - 647*s**2 + 5900*s - 2614. Determine t(-656).
10
Let q(c) = c**3 + 90*c**2 - 3067*c - 307472. Give q(-81).
4
Let r(z) = -343*z + 7695. What is r(14)?
2893
Let l(q) = 2*q**2 + 4126*q + 1054844. Give l(-299).
-28
Let r(p) = -2*p**3 - 19*p**2 - 47*p - 24. What is r(-4)?
-12
Let f(s) = -7839*s + 101869. Give f(13).
-38
Let f(h) = -3*h**3 + 345*h**2 + 24*h - 378. Calculate f(115).
2382
Let h(i) = -79*i + 47553. What is h(602)?
-5
Let y(t) = -4291*t + 4255. Calculate y(1).
-36
Let q(s) = -10*s**2 + 59*s - 157. What is q(3)?
-70
Let p(l) = l**3 - 2*l**2 - 191*l - 621. Determine p(-9).
207
Let n(w) = -199*w - 676. What is n(-8)?
916
Let d(u) = -6468*u + 11671. Give d(2).
-1265
Let m(z) = -940*z + 44448. Determine m(47).
268
Let i(z) = z**3 + 5*z**2 - 489*z + 104. Give i(19).
-523
Let v(a) = 3*a**2 + 2578*a + 507200. Determine v(-305).
-15
Let f(z) = 2*z**3 - 90*z**2 + 142*z - 2340. What is f(44)?
36
Let g(i) = 2*i**3 - 18*i**2 - 433*i - 36. What is g(19)?
-1043
Let q(x) = -13*x**2 + 1102*x - 3315. Determine q(3).
-126
Let c(t) = 186*t + 57306. Give c(-308).
18
Let z(r) = -5705*r + 171149. Give z(30).
-1
Let v(a) = -10309*a + 144888. Determine v(14).
562
Let x(s) = -26388*s - 554143. Calculate x(-21).
5
Let b(x) = -x**3 - 2*x**2 + 114*x - 30. What is b(10)?
-90
Let y(t) = 17296*t**2 - 103793*t - 30. Give y(6).
-132
Let n(l) = -7*l**3 + 211*l**2 - 416*l - 49. Give n(28).
63
Let m(w) = 1221*w + 21925. What is m(-18)?
-53
Let j(a) = 6*a**3 + 17*a**2 + 29*a + 132. Determine j(-5).
-338
Let k(w) = -3383*w - 260486. Calculate k(-77).
5
Let x(f) = 1953*f - 285127. What is x(146)?
11
Let a(n) = -93*n - 6099. Determine a(-77).
1062
Let p(u) = u**2 - 42*u + 598. Give p(19).
161
Let n(s) = -2824*s - 200540. Calculate n(-71).
-36
Let b(o) = -o**3 - 305*o**2 - 2665*o + 423. Give b(-296).
719
Let h(n) = -549*n - 5416. Give h(-12).
1172
Let r(i) = -i**2 + 3*i + 103. Give r(-19).
-315
Let n(y) = -4305*y + 25856. What is n(6)?
26
Let b(h) = 281*h - 6967. Determine b(25).
58
Let w(p) = -10*p**2 + 1345*p - 40697. What is w(46)?
13
Let d(h) = 15605*h + 11. Give d(0).
11
Let n(j) = 3*j**2 + 2316*j + 94. Give n(0).
94
Let q(u) = -20*u**2 - 13639*u - 26496. Calculate q(-680).
24
Let c(j) = 12762*j - 1008205. Calculate c(79).
-7
Let l(z) = -z**3 - 221*z**2 - 1704*z + 2. Give l(-213).
2
Let i(o) = 65820*o - 263278. Calculate i(4).
2
Let n(h) = -h**2 - 704*h - 123884. Calculate n(-347).
-5
Let m(s) = -2*s**3 + 9*s**2 - 22*s - 35. What is m(5)?
-170
Let b(a) = 30*a**2 + 1718*a + 2176. What is b(-56)?
48
Let h(b) = 158*b + 1939. What is h(-7)?
833
Let b(l) = 4554287*l + 4554285. Give b(-1).
-2
Let v(q) = 22450*q + 2649121. Calculate v(-118).
21
Let i(n) = -739*n + 11946. Calculate i(16).
122
Let s(y) = -3*y**3 + 70*y**2 - 325*y - 256. Determine s(7).
-130
Let j(h) = -30*h**2 - 21298*h + 42621. Give j(2).
-95
Let w(a) = 2119*a + 13081. Calculate w(-7).
-1752
Let z(f) = -33*f**2 + 1443*f + 93. Give z(44).
-303
Let k(i) = 45*i**2 + 695*i + 12. Calculate k(-17).
1202
Let p(a) = -10982*a - 4974856. Calculate p(-453).
-10
Let s(r) = -889*r - 3118. What is s(-4)?
438
Let i(r) = -2840*r - 3176. Determine i(-1).
-336
Let i(h) = h**3 + 118*h**2 + 869*h + 9. Determine i(-8).
97
Let q(k) = -22975*k + 574373. Determine q(25).
-2
Let n(p) = -435*p + 187920. Calculate n(432).
0
Let s(q) = -458*q - 9780. Give s(-15).
-2910
Let z(y) = 129*y - 30023. Determine z(232).
-95
Let t(v) = -7733*v + 28298. Determine t(3).
5099
Let h(r) = 2*r**2 - 70*r - 701. Give h(-8).
-13
Let v(z) = -229781*z - 1838254. Give v(-8).
-6
Let v(a) = 37*a**3 + 18*a**2 + 3*a + 2. Determine v(-1).
-20
Let z(q) = -29*q**3 - 22*q**2 - 54*q - 49. Determine z(-1).
12
Let c(n) = 165*n**2 + n - 69. What is c(0)?
-69
Let v(c) = -54213*c - 1463743. Give v(-27).
8
Let z(p) = p**2 - 1139*p - 57076. What is z(-48)?
-100
Let p(a) = a**3 + 27*a**2 + 103*a - 924. Calculate p(-18).
138
Let r(p) = 29*p**3 - 66*p**2 - 638*p - 17. Calculate r(6).
43
Let b(g) = -1307465*g - 5229852. Determine b(-4).
8
Let n(g) = -g**3 + 300*g**2 + 1676*g + 752. Calculate n(-5).
-3
Let u(n) = -251*n**3 - 28863*n**2 + 227*n - 341. Give u(-115).
4
Let p(j) = 3*j**2 - 3861*j + 38301. Calculate p(10).
-9
Let j(y) = y**3 + 7*y**2 + 26239*y + 157423. What is j(-6)?
25
Let r(q) = -2*q**3 - 270*q**2 + 1069*q + 33259. Calculate r(-138).
1
Let w(u) = u**3 + 54*u**2 + 294*u + 41. Calculate w(-48).
-247
Let c(v) = 27368*v - 109467. What is c(4)?
5
Let l(a) = 7103*a + 2209047. Determine l(-311).
14
Let o(t) = 77852*t + 233174. Determine o(-3).
-382
Let c(p) = 707*p 